{"id":1354,"date":"2019-10-04T15:54:29","date_gmt":"2019-10-04T13:54:29","guid":{"rendered":"https:\/\/delisoya.com\/?post_type=product&#038;p=1354"},"modified":"2024-09-24T20:52:29","modified_gmt":"2024-09-24T18:52:29","slug":"delisoy-molida","status":"publish","type":"product","link":"https:\/\/soydelisoy.com\/centroamerica\/producto\/delisoy-molida\/","title":{"rendered":"Delisoy Molida"},"content":{"rendered":"","protected":false},"excerpt":{"rendered":"<p>Delisoy Molida (soya texturizada) contiene todos los amino\u00e1cidos esenciales para el cuerpo humano, as\u00ed como porcentajes significativos de fibra y prote\u00edna vegetal. Para prepararla s\u00f3lo deja reposando el contenido de un paquete en agua caliente durante 10 minutos hasta que est\u00e9 suave, luego ponla a hervir unos tres minutos m\u00e1s. Ret\u00edrala y prepara al gusto. Sustituto ideal para la carne molida, o se puede mezclar con la carne molida para hacerla rendir m\u00e1s.<\/p>\n","protected":false},"featured_media":4312,"comment_status":"open","ping_status":"closed","template":"","meta":{"inline_featured_image":false,"_uag_custom_page_level_css":""},"product_brand":[],"product_cat":[63,68],"product_tag":[],"class_list":{"0":"post-1354","1":"product","2":"type-product","3":"status-publish","4":"has-post-thumbnail","6":"product_cat-proteina-soya","7":"product_cat-proteina-soya-texturizada","9":"first","10":"instock","11":"shipping-taxable","12":"product-type-simple"},"acf":[],"yoast_head":"<!-- This site is optimized with the Yoast SEO plugin v27.2 - https:\/\/yoast.com\/product\/yoast-seo-wordpress\/ -->\n<title>Delisoy Molida - Delisoy Centroam\u00e9rica<\/title>\n<meta name=\"robots\" content=\"index, follow, max-snippet:-1, max-image-preview:large, max-video-preview:-1\" \/>\n<link rel=\"canonical\" href=\"https:\/\/soydelisoy.com\/centroamerica\/producto\/delisoy-molida\/\" \/>\n<meta property=\"og:locale\" content=\"es_ES\" \/>\n<meta property=\"og:type\" content=\"article\" \/>\n<meta property=\"og:title\" content=\"Delisoy Molida - Delisoy Centroam\u00e9rica\" \/>\n<meta property=\"og:description\" content=\"Delisoy Molida (soya texturizada) contiene todos los amino\u00e1cidos esenciales para el cuerpo humano, as\u00ed como porcentajes significativos de fibra y prote\u00edna vegetal. Para prepararla s\u00f3lo deja reposando el contenido de un paquete en agua caliente durante 10 minutos hasta que est\u00e9 suave, luego ponla a hervir unos tres minutos m\u00e1s. Ret\u00edrala y prepara al gusto. Sustituto ideal para la carne molida, o se puede mezclar con la carne molida para hacerla rendir m\u00e1s.\" \/>\n<meta property=\"og:url\" content=\"https:\/\/soydelisoy.com\/centroamerica\/producto\/delisoy-molida\/\" \/>\n<meta property=\"og:site_name\" content=\"Delisoy Centroam\u00e9rica\" \/>\n<meta property=\"article:modified_time\" content=\"2024-09-24T18:52:29+00:00\" \/>\n<meta property=\"og:image\" content=\"https:\/\/soydelisoy.com\/centroamerica\/wp-content\/uploads\/sites\/2\/2019\/10\/Molida-01.png\" \/>\n\t<meta property=\"og:image:width\" content=\"450\" \/>\n\t<meta property=\"og:image:height\" content=\"450\" \/>\n\t<meta property=\"og:image:type\" content=\"image\/png\" \/>\n<meta name=\"twitter:card\" content=\"summary_large_image\" \/>\n<meta name=\"twitter:label1\" content=\"Tiempo de lectura\" \/>\n\t<meta name=\"twitter:data1\" content=\"1 minuto\" \/>\n<script type=\"application\/ld+json\" class=\"yoast-schema-graph\">{\"@context\":\"https:\/\/schema.org\",\"@graph\":[{\"@type\":\"WebPage\",\"@id\":\"https:\/\/soydelisoy.com\/centroamerica\/producto\/delisoy-molida\/\",\"url\":\"https:\/\/soydelisoy.com\/centroamerica\/producto\/delisoy-molida\/\",\"name\":\"Delisoy Molida - Delisoy Centroam\u00e9rica\",\"isPartOf\":{\"@id\":\"https:\/\/soydelisoy.com\/centroamerica\/#website\"},\"primaryImageOfPage\":{\"@id\":\"https:\/\/soydelisoy.com\/centroamerica\/producto\/delisoy-molida\/#primaryimage\"},\"image\":{\"@id\":\"https:\/\/soydelisoy.com\/centroamerica\/producto\/delisoy-molida\/#primaryimage\"},\"thumbnailUrl\":\"https:\/\/soydelisoy.com\/centroamerica\/wp-content\/uploads\/sites\/2\/2019\/10\/Molida-01.png\",\"datePublished\":\"2019-10-04T13:54:29+00:00\",\"dateModified\":\"2024-09-24T18:52:29+00:00\",\"breadcrumb\":{\"@id\":\"https:\/\/soydelisoy.com\/centroamerica\/producto\/delisoy-molida\/#breadcrumb\"},\"inLanguage\":\"es\",\"potentialAction\":[{\"@type\":\"ReadAction\",\"target\":[\"https:\/\/soydelisoy.com\/centroamerica\/producto\/delisoy-molida\/\"]}]},{\"@type\":\"ImageObject\",\"inLanguage\":\"es\",\"@id\":\"https:\/\/soydelisoy.com\/centroamerica\/producto\/delisoy-molida\/#primaryimage\",\"url\":\"https:\/\/soydelisoy.com\/centroamerica\/wp-content\/uploads\/sites\/2\/2019\/10\/Molida-01.png\",\"contentUrl\":\"https:\/\/soydelisoy.com\/centroamerica\/wp-content\/uploads\/sites\/2\/2019\/10\/Molida-01.png\",\"width\":450,\"height\":450,\"caption\":\"Molida\"},{\"@type\":\"BreadcrumbList\",\"@id\":\"https:\/\/soydelisoy.com\/centroamerica\/producto\/delisoy-molida\/#breadcrumb\",\"itemListElement\":[{\"@type\":\"ListItem\",\"position\":1,\"name\":\"Portada\",\"item\":\"https:\/\/soydelisoy.com\/centroamerica\/\"},{\"@type\":\"ListItem\",\"position\":2,\"name\":\"Productos\",\"item\":\"https:\/\/soydelisoy.com\/centroamerica\/productos\/\"},{\"@type\":\"ListItem\",\"position\":3,\"name\":\"Delisoy Molida\"}]},{\"@type\":\"WebSite\",\"@id\":\"https:\/\/soydelisoy.com\/centroamerica\/#website\",\"url\":\"https:\/\/soydelisoy.com\/centroamerica\/\",\"name\":\"Delisoy Centroam\u00e9rica\",\"description\":\"\",\"potentialAction\":[{\"@type\":\"SearchAction\",\"target\":{\"@type\":\"EntryPoint\",\"urlTemplate\":\"https:\/\/soydelisoy.com\/centroamerica\/?s={search_term_string}\"},\"query-input\":{\"@type\":\"PropertyValueSpecification\",\"valueRequired\":true,\"valueName\":\"search_term_string\"}}],\"inLanguage\":\"es\"}]}<\/script>\n<!-- \/ Yoast SEO plugin. -->","yoast_head_json":{"title":"Delisoy Molida - Delisoy Centroam\u00e9rica","robots":{"index":"index","follow":"follow","max-snippet":"max-snippet:-1","max-image-preview":"max-image-preview:large","max-video-preview":"max-video-preview:-1"},"canonical":"https:\/\/soydelisoy.com\/centroamerica\/producto\/delisoy-molida\/","og_locale":"es_ES","og_type":"article","og_title":"Delisoy Molida - Delisoy Centroam\u00e9rica","og_description":"Delisoy Molida (soya texturizada) contiene todos los amino\u00e1cidos esenciales para el cuerpo humano, as\u00ed como porcentajes significativos de fibra y prote\u00edna vegetal. Para prepararla s\u00f3lo deja reposando el contenido de un paquete en agua caliente durante 10 minutos hasta que est\u00e9 suave, luego ponla a hervir unos tres minutos m\u00e1s. Ret\u00edrala y prepara al gusto. Sustituto ideal para la carne molida, o se puede mezclar con la carne molida para hacerla rendir m\u00e1s.","og_url":"https:\/\/soydelisoy.com\/centroamerica\/producto\/delisoy-molida\/","og_site_name":"Delisoy Centroam\u00e9rica","article_modified_time":"2024-09-24T18:52:29+00:00","og_image":[{"width":450,"height":450,"url":"https:\/\/soydelisoy.com\/centroamerica\/wp-content\/uploads\/sites\/2\/2019\/10\/Molida-01.png","type":"image\/png"}],"twitter_card":"summary_large_image","twitter_misc":{"Tiempo de lectura":"1 minuto"},"schema":{"@context":"https:\/\/schema.org","@graph":[{"@type":"WebPage","@id":"https:\/\/soydelisoy.com\/centroamerica\/producto\/delisoy-molida\/","url":"https:\/\/soydelisoy.com\/centroamerica\/producto\/delisoy-molida\/","name":"Delisoy Molida - Delisoy Centroam\u00e9rica","isPartOf":{"@id":"https:\/\/soydelisoy.com\/centroamerica\/#website"},"primaryImageOfPage":{"@id":"https:\/\/soydelisoy.com\/centroamerica\/producto\/delisoy-molida\/#primaryimage"},"image":{"@id":"https:\/\/soydelisoy.com\/centroamerica\/producto\/delisoy-molida\/#primaryimage"},"thumbnailUrl":"https:\/\/soydelisoy.com\/centroamerica\/wp-content\/uploads\/sites\/2\/2019\/10\/Molida-01.png","datePublished":"2019-10-04T13:54:29+00:00","dateModified":"2024-09-24T18:52:29+00:00","breadcrumb":{"@id":"https:\/\/soydelisoy.com\/centroamerica\/producto\/delisoy-molida\/#breadcrumb"},"inLanguage":"es","potentialAction":[{"@type":"ReadAction","target":["https:\/\/soydelisoy.com\/centroamerica\/producto\/delisoy-molida\/"]}]},{"@type":"ImageObject","inLanguage":"es","@id":"https:\/\/soydelisoy.com\/centroamerica\/producto\/delisoy-molida\/#primaryimage","url":"https:\/\/soydelisoy.com\/centroamerica\/wp-content\/uploads\/sites\/2\/2019\/10\/Molida-01.png","contentUrl":"https:\/\/soydelisoy.com\/centroamerica\/wp-content\/uploads\/sites\/2\/2019\/10\/Molida-01.png","width":450,"height":450,"caption":"Molida"},{"@type":"BreadcrumbList","@id":"https:\/\/soydelisoy.com\/centroamerica\/producto\/delisoy-molida\/#breadcrumb","itemListElement":[{"@type":"ListItem","position":1,"name":"Portada","item":"https:\/\/soydelisoy.com\/centroamerica\/"},{"@type":"ListItem","position":2,"name":"Productos","item":"https:\/\/soydelisoy.com\/centroamerica\/productos\/"},{"@type":"ListItem","position":3,"name":"Delisoy Molida"}]},{"@type":"WebSite","@id":"https:\/\/soydelisoy.com\/centroamerica\/#website","url":"https:\/\/soydelisoy.com\/centroamerica\/","name":"Delisoy Centroam\u00e9rica","description":"","potentialAction":[{"@type":"SearchAction","target":{"@type":"EntryPoint","urlTemplate":"https:\/\/soydelisoy.com\/centroamerica\/?s={search_term_string}"},"query-input":{"@type":"PropertyValueSpecification","valueRequired":true,"valueName":"search_term_string"}}],"inLanguage":"es"}]}},"uagb_featured_image_src":{"full":["https:\/\/soydelisoy.com\/centroamerica\/wp-content\/uploads\/sites\/2\/2019\/10\/Molida-01.png",450,450,false],"thumbnail":["https:\/\/soydelisoy.com\/centroamerica\/wp-content\/uploads\/sites\/2\/2019\/10\/Molida-01-300x200.png",300,200,true],"medium":["https:\/\/soydelisoy.com\/centroamerica\/wp-content\/uploads\/sites\/2\/2019\/10\/Molida-01.png",450,450,false],"medium_large":["https:\/\/soydelisoy.com\/centroamerica\/wp-content\/uploads\/sites\/2\/2019\/10\/Molida-01.png",450,450,false],"large":["https:\/\/soydelisoy.com\/centroamerica\/wp-content\/uploads\/sites\/2\/2019\/10\/Molida-01.png",450,450,false],"1536x1536":["https:\/\/soydelisoy.com\/centroamerica\/wp-content\/uploads\/sites\/2\/2019\/10\/Molida-01.png",450,450,false],"2048x2048":["https:\/\/soydelisoy.com\/centroamerica\/wp-content\/uploads\/sites\/2\/2019\/10\/Molida-01.png",450,450,false],"bloom_image":["https:\/\/soydelisoy.com\/centroamerica\/wp-content\/uploads\/sites\/2\/2019\/10\/Molida-01.png",450,450,false],"slideshow":["https:\/\/soydelisoy.com\/centroamerica\/wp-content\/uploads\/sites\/2\/2019\/10\/Molida-01.png",450,450,false],"woocommerce_thumbnail":["https:\/\/soydelisoy.com\/centroamerica\/wp-content\/uploads\/sites\/2\/2019\/10\/Molida-01-200x200.png",200,200,true],"woocommerce_single":["https:\/\/soydelisoy.com\/centroamerica\/wp-content\/uploads\/sites\/2\/2019\/10\/Molida-01.png",450,450,false],"woocommerce_gallery_thumbnail":["https:\/\/soydelisoy.com\/centroamerica\/wp-content\/uploads\/sites\/2\/2019\/10\/Molida-01-100x100.png",100,100,true]},"uagb_author_info":{"display_name":"Delisoy","author_link":"https:\/\/soydelisoy.com\/centroamerica\/author\/"},"uagb_comment_info":4,"uagb_excerpt":"Delisoy Molida (soya texturizada) contiene todos los amino\u00e1cidos esenciales para el cuerpo humano, as\u00ed como porcentajes significativos de fibra y prote\u00edna vegetal. Para prepararla s\u00f3lo deja reposando el contenido de un paquete en agua caliente durante 10 minutos hasta que est\u00e9 suave, luego ponla a hervir unos tres minutos m\u00e1s. Ret\u00edrala y prepara al gusto.&hellip;","_links":{"self":[{"href":"https:\/\/soydelisoy.com\/centroamerica\/wp-json\/wp\/v2\/product\/1354","targetHints":{"allow":["GET"]}}],"collection":[{"href":"https:\/\/soydelisoy.com\/centroamerica\/wp-json\/wp\/v2\/product"}],"about":[{"href":"https:\/\/soydelisoy.com\/centroamerica\/wp-json\/wp\/v2\/types\/product"}],"replies":[{"embeddable":true,"href":"https:\/\/soydelisoy.com\/centroamerica\/wp-json\/wp\/v2\/comments?post=1354"}],"wp:featuredmedia":[{"embeddable":true,"href":"https:\/\/soydelisoy.com\/centroamerica\/wp-json\/wp\/v2\/media\/4312"}],"wp:attachment":[{"href":"https:\/\/soydelisoy.com\/centroamerica\/wp-json\/wp\/v2\/media?parent=1354"}],"wp:term":[{"taxonomy":"product_brand","embeddable":true,"href":"https:\/\/soydelisoy.com\/centroamerica\/wp-json\/wp\/v2\/product_brand?post=1354"},{"taxonomy":"product_cat","embeddable":true,"href":"https:\/\/soydelisoy.com\/centroamerica\/wp-json\/wp\/v2\/product_cat?post=1354"},{"taxonomy":"product_tag","embeddable":true,"href":"https:\/\/soydelisoy.com\/centroamerica\/wp-json\/wp\/v2\/product_tag?post=1354"}],"curies":[{"name":"wp","href":"https:\/\/api.w.org\/{rel}","templated":true}]}}